 v**4/4 + 2*v**3 + 2*v**2 - 1. Suppose -10 = 3*b - b. Determine n(b).
5
Suppose -5*a + j - 25 = 0, -8*a - 22 = -6*a + 2*j. Suppose 3*m - 29 - 2 = 5*q, -2*m = q + 1. Let v(u) = -u**3 - 7*u**2 + 5 + 5 - 6*u - m. What is v(a)?
8
Let o(x) = -x**3 - 4*x**2 + 3*x + 6. Let w be o(-4). Let k(l) = 2*l + 9. Give k(w).
-3
Let u be (2/(-1))/(4 - 2). Let o = 4 - u. Let q(i) = -i**3 + 6*i**2 - 7*i + 5. Give q(o).
-5
Let n(i) = 2*i - 3*i - i**2 - 5*i - 1. Determine n(-4).
7
Let v = 4 - 1. Suppose 4*l - 3 - 16 = v*x, -x - 2*l = 3. Let t(q) = 6*q + 1. Let u(o) = 7*o. Let h(m) = -5*t(m) + 4*u(m). Calculate h(x).
5
Suppose -a = -4 - 3. Let x(d) = 2*d - 8. Determine x(a).
6
Let w be -1 + (-2 + 4 - 121). Let o be (w/(-28))/((-2)/(-14)). Suppose 4*i = 2*h + o, 2*h + 0*h = -2*i. Let p(m) = m - 11. Give p(i).
-6
Let t(g) = g**3 + 3*g**2 + 3*g + 1. Let b be t(-2). Let n(f) = f. Let y(p) = 7*p**2 - 6*p. Let k(j) = 5*n(j) + y(j). Give k(b).
8
Suppose 0 = -0*z + 3*z - p - 13, 19 = -z + 5*p. Let s(r) = -r**2 + 3*r + 3. Give s(z).
-15
Let c = -48 - -49. Let n(y) be the second derivative of -y + 0 + 1/2*y**2 - 1/12*y**4 + 0*y**3. Give n(c).
0
Let f(b) be the second derivative of b**3/6 - 9*b**2/2 - 3*b + 8. What is f(0)?
-9
Let g(h) = -h. Let d(i) = -i**2 - 10*i + 1. Let c(s) = -d(s) + 6*g(s). Calculate c(-5).
4
Let v(h) = -h**3 + 7*h**2 - 7*h + 8. Let f be v(6). Let p be 2*(-2)/(4/5). Let t(x) = -3*x + 20. Let i(y) = 2*y - 13. Let a(w) = p*t(w) - 8*i(w). What is a(f)?
2
Let d = -1 + -1. Let w(p) = -p - 1. Let c(u) = -11*u - 8. Let y(h) = -c(h) + 6*w(h). Give y(d).
-8
Let f(v) = v**2 - 5*v - 4. Let h = 15 - 9. Calculate f(h).
2
Suppose 9 = 5*s - 2*s, 5*q - s - 22 = 0. Let h = q + 0. Let n(b) = -2*b + 7. Let m be n(h). Let a(i) = i**3 + 3*i**2 + 2*i + 1. Give a(m).
-5
Let d(i) be the first derivative of -i**3/3 + i - 1. Let l be 6/4 + 2/4. Determine d(l).
-3
Let q = 141 + -137. Let y(z) = z**3 - 4*z**2 + 2*z + 2. Give y(q).
10
Let y(l) be the second derivative of -3*l**3/2 - l**2/2 - 27*l. Determine y(1).
-10
Let z(k) be the first derivative of k**2 - 1/2*k**3 + 2*k - 1/12*k**4 - 1. Let s(v) be the first derivative of z(v). Calculate s(-3).
2
Let n = 1 - 2. Let l(o) = -3*o**2 + 2*o**2 + 2*o - o. Give l(n).
-2
Let p(c) = -c**3 - 6*c**2 - 5*c + 1. Let w be 28 + (-1 - -3)/2. Suppose -5*q + 4 = w. Determine p(q).
1
Let w = 5 - 3. Suppose -w*r - 5*f = -10, 0 = -2*f + 11 - 3. Let l(q) = -q**2 - 6*q + 5. Calculate l(r).
10
Suppose -u = 2*u + 12. Let x(i) = -5*i + 6. Let j(p) = -3*p + 3. Let d(l) = u*x(l) + 7*j(l). Give d(-4).
1
Let v(h) be the third derivative of 0 + 1/2*h**3 + 0*h - 1/8*h**4 + 1/120*h**6 - 1/15*h**5 + 2*h**2. Let n = -9 + 13. Determine v(n).
-9
Let f(a) = -2*a. Let p be (3*2/12)/(7/28). Determine f(p).
-4
Suppose 4*u + 45 = 4*c + 5, 0 = 3*u - c + 36. Let o = 18 + u. Suppose 2*i = o*i - 3. Let v(s) = -5*s**3 + s. Calculate v(i).
-4
Let l = 15 - 7. Suppose n = -3*n + l. Let k(s) = 4*s + 1. Let m(d) = 5*d + 2. Let u(x) = -4*k(x) + 3*m(x). Determine u(n).
0
Suppose -z - g = 4*z - 16, 0 = 5*z - 5*g - 40. Let b(a) be the first derivative of -4/3*a**3 - 1/2*a**2 - 3*a - 1/4*a**z + 2. Calculate b(-4).
1
Suppose -9 - 3 = -4*w. Let p(t) = t**3 - 3*t**2 - 2*t + 3. Determine p(w).
-3
Let p(f) = f**2 + 8*f - 6. Let n = -14 - -8. Determine p(n).
-18
Let o(h) = -h**2 + 8*h + 7. Let d be (-28)/10*(-1 - 3/2). What is o(d)?
14
Let j(t) = -9*t - 15. Let x(k) = -5*k - 8. Let u(q) = -6*j(q) + 11*x(q). Determine u(-2).
4
Let y be (-1)/(11/(-5) - -2). Suppose 0 = 3*f - y*f + 4. Let l(z) = z**3 + 0*z**3 - 5*z**f + 6 + 6*z**2. Determine l(0).
6
Let u(v) = -v**2 + v + 4. Suppose 0 = -6*g - 0 + 24. Determine u(g).
-8
Let u = -43 - -40. Let f(v) = -5*v - 3. What is f(u)?
12
Let b(r) = 2 + r**2 + 6 - r - 11. What is b(0)?
-3
Suppose -2*w + 25 - 7 = 0. Let p(k) = -2*k**3 - w*k + k**3 - 6*k**2 + 2 + 5*k. Give p(-5).
-3
Let c be (-8)/(-2)*(1 - (-2)/8). Let h(o) = -o**3 + 4*o**2 + 8*o - 6. Calculate h(c).
9
Let y(w) be the first derivative of -w**4/4 + w**3 - w**2/2 + 4*w - 3. Let z = 11 + -8. Determine y(z).
1
Let p(v) = -3*v - 1. Suppose 7*k + 3 = 4*k. Let b be p(k). Let q(z) = -z**2 - z + 1. What is q(b)?
-5
Let n(y) = y**2 - 7*y + 7. Let t be n(6). Let f(i) = 3*i - t - 1 + 2*i**3 - 2*i**3 - 2*i**3. What is f(2)?
-12
Suppose 18 = -5*a - 2*m, -a - m + 6 = -6*a. Suppose g - 2 + 4 = -x, 4*x - 5*g - 28 = 0. Let y(n) = -2*n + n**3 + n + 4*n**x + 5*n + 3. Calculate y(a).
3
Let k(o) = 5*o - o - 2*o**2 + o**2 - 5*o - 1. Determine k(0).
-1
Let a(o) = 3*o - 4. Let b(h) = 4*h - 5. Let q(f) = -5*a(f) + 4*b(f). Suppose -5*l = -3*t + 9, t + 3*t - 4*l - 12 = 0. Calculate q(t).
3
Let z(g) = g**3 - 4*g**2 - 4*g. Suppose 4*a = -2*s + 30, -s + 12 - 2 = a. What is z(s)?
5
Let x(a) = a**2 + 3*a - 5. Let k(t) = -t**3 - t - 4. Let z be k(0). Give x(z).
-1
Suppose 5*u = -4*s + 98, -2*u + 6*s = 4*s - 32. Let n = u + -13. Let l(c) = -c**2 + 7*c + 1. Calculate l(n).
11
Let g be (5/4)/(1/(-4)). Let h(l) = -4*l**2 + 9*l - 2. Let p(f) = -3*f**2 + 8*f - 3. Let o(x) = -4*h(x) + 5*p(x). Determine o(g).
-2
Let v(k) be the third derivative of k**4/24 - k**3/2 + 18*k**2. Determine v(-5).
-8
Let j(k) = k + 0*k**2 - k**2 + k + 2*k**2. Determine j(-3).
3
Let o = 11 + -14. Let i(m) = 2*m + 4. Determine i(o).
-2
Suppose 9 + 19 = -4*a. Let h(k) = k**2 + 7*k + 7. Give h(a).
7
Let f = -7 + 6. Let x be f*2/(-4)*-2. Let o(b) = -7*b - 1. What is o(x)?
6
Let j(w) = w - 4. Suppose -48 = -6*p + 3*p. Let x = p - 9. Calculate j(x).
3
Let t(o) be the third derivative of 0*o**4 + 0 + 1/3*o**3 - o**2 + 0*o - 1/60*o**5. Calculate t(3).
-7
Suppose 0 = 7*y - 2*y + 45. Let c be 2/9 + (-52)/y. Let a be (-8)/(-12) - (-2)/c. Let f(b) = 2*b. What is f(a)?
2
Suppose -3*v - v - 2*x = -36, 14 = v + 3*x. Let r be (v/14)/(6/21). Let y(j) = j**2 + j. Give y(r).
6
Let t(w) = -1 - 4 + 6 + w. What is t(-7)?
-6
Let p(v) = 0 + 6 - 2*v + v**2 - 3*v. Let r be p(4). Let i(m) = -m**2. Let d(l) = 5*l**2 - 2*l + 3. Let n(t) = -d(t) - 3*i(t). Give n(r).
-7
Let n be 4*-2*12/(-24). Let q = n + -4. Let p(k) = k + 4. What is p(q)?
4
Let j be 3/2 + (-6)/24*-10. Let v(u) be the third derivative of 2*u**2 + 0 - 1/3*u**3 + 0*u - 1/12*u**j. Calculate v(-3).
4
Let h(c) = c + 6. Let q be h(-9). Let v(g) be the second derivative of -g**5/20 - g**4/6 + 5*g**3/6 + 2*g**2 - g. What is v(q)?
-2
Let z = 35 + -39. Let p(m) = m + 3. Determine p(z).
-1
Let d(s) = s**3 + 3*s**2 - 2*s + 5. Let m = 42 - 27. Suppose -5*z - 2 - m = -2*l, -l - 5*z = 29. What is d(l)?
-3
Let j(x) = -4*x. Let y(i) = i**2 + 7*i + 3. Let a be y(-7). Determine j(a).
-12
Suppose 21*h = 25*h + 8. Let f(l) = -l**3 - 2*l**2 + 2. Give f(h).
2
Let z(b) = b**2 - 3*b + 3. Let f be (3 - 21/6)*4. Let g be (-28)/(-12) + f/(-3). What is z(g)?
3
Let f(l) be the second derivative of 5*l - l**2 + 0 + 1/20*l**5 + 1/12*l**4 + 1/6*l**3. Determine f(0).
-2
Suppose -2*q = -6 - 0. Let d(h) = 2*h - 4. What is d(q)?
2
Suppose -5*d + 1 + 32 = 2*g, -g - d + 9 = 0. Let x(m) be the second derivative of -m**4/12 + 5*m**3/6 - m**2 + m. Determine x(g).
2
Suppose -6*w + 2*w = -28. Let l(t) = -t - 1. Determine l(w).
-8
Let g(p) = p**3 + p**2 - p - 6. Suppose 0 = l - 3*l. Let a be g(l). Let k(b) = -b**2 - 7*b - 2. What is k(a)?
4
Let y(b) = -12*b**2 - 3*b + 3. Let x be 3/((-1)/(-10)*6). Let i(o) = -8*o**2 - 2*o + 2. Let d = 5 - 13. Let g(r) = d*i(r) + x*y(r). What is g(1)?
4
Let o(r) = -2*r - 2. Let p be -4 - (1 - 10 - -1). What is o(p)?
-10
Suppose n - 3*g = 19, -n - g = 4*n - 47. Let k = -15 + n. Let z(h) = h**2 + 3*h - 7. Calculate z(k).
3
Suppose 0 = 5*m - 15 + 5. Suppose m*o = -2*o - 20, 4*x - 6 = -2*o. Let r(d) = -d**3 + 5*d**2 - d. Determine r(x).
12
Suppose 5*u = 2*g - 0 + 4, -2*u = 2*g - 10. Let d(q) be the first derivative of -1/3*q**g - 2 + 2*q + 0*q**2. Give d(0).
2
Let b(i) = 3*i**2 + 5*i - 1. Let u(o) = 4*o**2 + 5*o. Let p = -6 + 8. Let x(f) = p*u(f) - 3*b(f). Give x(-6).
-3
Let r(f) = -f**2 - 4*f. Let d be r(-3). Suppose -w - d = 3*x + 2*w, -w = -2*x - 5. Let b(a) = -25*a - 2 + 3*a**2 + 45*a - 2*a**2 - 23*a. Give b(x).
8
Suppose 0 = -0*n - 2*n + 8. Let v = 5 - 2. Let a = v - n. Let j(s) = -5*s**3 - s**2 - s. Give j(a).
5
Let j = 9 - 4. Let o be 2 - (-2)/(2 - 0). Suppose 2 = -o*q + 3*v - 1, 30 = j*q + 2*v. Let r(n) = n**2 - 5*n + 5. 